(l) = 77*l - 2040. What is p(26)?
-38
Let w(g) = 25*g - 3790. Calculate w(152).
10
Let u(k) = -k**2 - 81*k + 1042. What is u(-92)?
30
Let o(t) = -1009*t - 6058. Give o(-6).
-4
Let p(q) = 14*q**2 + 2*q - 5. What is p(3)?
127
Let u(v) = -v**3 + 14*v**2 + 146*v + 158. Calculate u(-6).
2
Let u(l) = -2*l**2 + 104*l - 656. What is u(46)?
-104
Let r(h) = 699*h - 18661. Give r(27).
212
Let w(t) = 5*t**2 - 252*t + 3179. What is w(25)?
4
Let b(n) = -21*n + 1. Determine b(-3).
64
Let m(r) = -r**3 + 15*r**2 + 8*r + 14. What is m(16)?
-114
Let n(h) = 2*h**3 + 27*h**2 - 18*h - 87. Calculate n(-14).
-31
Let o(q) = 73*q - 122. Give o(2).
24
Let j(u) = 7*u**2 - 70*u + 58. Calculate j(9).
-5
Let v(z) = -2*z**3 + 49*z**2 + 73*z - 1186. Determine v(25).
14
Let z(u) = 2*u**2 - 15*u + 14. What is z(7)?
7
Let n(p) = -3*p**2 - 264*p + 3269. Give n(11).
2
Let z(b) = b**3 - 55*b**2 + 7*b - 391. What is z(55)?
-6
Let l(s) = 10*s - 9. Calculate l(2).
11
Let c(x) = -3*x**3 + 6*x**2 - 5. Give c(2).
-5
Let x(b) = -5*b + 263. Calculate x(40).
63
Let q(j) = -52*j - 1405. Calculate q(-30).
155
Let d(v) = -v**2 - 12*v - 37. Calculate d(-16).
-101
Let n(b) = -b**2 - 241*b - 8804. Give n(-196).
16
Let p(b) = -3*b**3 + 81*b**2 + 83*b + 33. Give p(28).
5
Let t(s) = -2*s**2 - 34*s - 348. Calculate t(-22).
-568
Let s(l) = -l**3 - 17*l**2 - 54*l - 22. Determine s(-13).
4
Let j(z) = -129*z - 26182. What is j(-203)?
5
Let m(n) = -1429*n + 1441. Calculate m(1).
12
Let c(z) = -15*z + 316. Give c(18).
46
Let u(c) = -c**3 + 66*c**2 + 2*c - 129. Calculate u(66).
3
Let j(i) = i**3 + 44*i**2 + 52*i + 46. Calculate j(-43).
-341
Let c(j) = -18*j**2 + 518*j - 54. Calculate c(29).
-170
Let i(a) = 159*a**2 - 478*a + 7. Give i(3).
4
Let w(l) = 293*l - 551. Determine w(2).
35
Let q(v) = -v**3 + 57*v**2 - 157*v - 142. What is q(54)?
128
Let r(o) = -4*o + 35. Determine r(11).
-9
Let c(h) = -238*h - 6437. Calculate c(-27).
-11
Let t(u) = u**3 + 57*u**2 + 533*u - 311. Calculate t(-45).
4
Let y(g) = -g**2 - 36*g + 122. Calculate y(-11).
397
Let q(s) = -25*s + 1. Give q(-1).
26
Let t(s) = -s + 145. Give t(52).
93
Let q(z) = -86*z + 248. What is q(3)?
-10
Let p(n) = 29*n + 140. Give p(4).
256
Let j(b) = 17*b + 783. Calculate j(-48).
-33
Let i(p) = -p**3 + 6*p**2 + 210*p + 5. Give i(0).
5
Let r(y) = -y**2 + 7*y - 71. Calculate r(22).
-401
Let x(g) = -g**2 - 46*g + 438. Determine x(-54).
6
Let x(g) = g**3 + 5*g**2 + 18*g + 103. Determine x(-4).
47
Let v(h) = -2*h**2 - 226*h - 6313. Give v(-60).
47
Let g(c) = c**3 + 7*c**2 + 14*c + 18. Give g(-5).
-2
Let x(s) = -806*s - 131399. Give x(-163).
-21
Let u(d) = 6*d**2 + 13*d + 27. What is u(-6)?
165
Let d(w) = -246*w - 1948. Determine d(-12).
1004
Let d(j) = 4*j**2 + 444*j + 5419. Calculate d(-14).
-13
Let d(a) = -15*a - 427. Give d(-27).
-22
Let q(u) = 14*u**2 + 6*u - 3. What is q(-3)?
105
Let c(z) = -2*z**2 + 14*z + 24. Determine c(-12).
-432
Let u(z) = 9*z - 13. What is u(3)?
14
Let x(w) = 74*w**2 - 739*w - 27. Give x(10).
-17
Let f(a) = -2*a**2 + 75*a - 672. What is f(17)?
25
Let t(n) = -n**3 + n**2 + 114*n + 369. Calculate t(-4).
-7
Let u(p) = -p**3 - 75*p**2 + 397*p - 140. Give u(-80).
100
Let m(p) = 3*p**3 - 41*p**2 + 19*p + 72. Calculate m(13).
-19
Let x(w) = -3*w - 6. Calculate x(3).
-15
Let l(f) = -2*f**3 - 85*f**2 - 32*f + 425. Calculate l(-42).
5
Let j(n) = -n**3 - 35*n**2 - 67*n - 38. Determine j(-33).
-5
Let j(q) = -138*q**2 + 269*q + 20. Determine j(2).
6
Let r(b) = b**3 + 27*b**2 - 32*b - 97. Calculate r(-28).
15
Let q(s) = 506*s + 4551. Determine q(-9).
-3
Let s(t) = -t**3 + 2*t**2 + 30*t + 25. Give s(7).
-10
Let f(p) = -6*p - 27. Calculate f(8).
-75
Let w(j) = -3*j**2 + 76*j + 90. Determine w(26).
38
Let d(j) = -5*j**2 - 12*j - 137. Calculate d(-8).
-361
Let l(n) = 271*n - 770. Calculate l(5).
585
Let a(k) = 2*k**3 - 25*k**2 - 36*k - 123. Give a(14).
-39
Let n(o) = -16*o**2 - 80*o + 65. Give n(-6).
-31
Let o(s) = 481*s + 1088. Calculate o(-4).
-836
Let r(w) = -659*w - 7265. Determine r(-11).
-16
Let t(g) = -81*g + 340. Determine t(7).
-227
Let j(z) = -z**3 - 4*z**2 + 248*z + 495. Give j(-2).
-9
Let j(o) = o**3 + 125*o**2 - 519*o - 393. What is j(-129)?
-6
Let x(g) = -15*g + 158. Give x(6).
68
Let a(v) = 24*v**2 - 359*v - 16. Give a(15).
-1
Let b(f) = -f**3 + 12*f**2 + 156*f - 1847. Calculate b(12).
25
Let c(l) = -2*l**3 + 35*l**2 + 156*l - 2475. Determine c(18).
9
Let g(l) = 38*l**2 + 9236*l + 477. What is g(-243)?
-9
Let w(f) = -204*f**3 + 6*f + 6. Calculate w(-1).
204
Let z(q) = -q**3 + 32*q**2 + 75*q - 11. Determine z(34).
227
Let o(j) = 7*j**3 - 19*j**2 - 6*j + 4. Give o(3).
4
Let z(h) = 15*h**2 + 6*h + 6. What is z(2)?
78
Let b(x) = -47*x + 119. Give b(1).
72
Let i(h) = -36*h + 24. Calculate i(5).
-156
Let t(c) = -15*c - 153. Determine t(3).
-198
Let h(v) = -44*v**2 - 617*v - 27. Give h(-14).
-13
Let n(u) = 4732*u - 14195. Calculate n(3).
1
Let r(i) = i**3 - i**2 - 35*i + 8. Determine r(7).
57
Let a(y) = -658*y + 5963. Calculate a(9).
41
Let j(p) = -13*p**2 + 63*p + 17. What is j(5)?
7
Let h(v) = 15*v - 1561. Determine h(104).
-1
Let y(l) = l**3 - 10*l**2 - 99*l + 43. Calculate y(16).
-5
Let k(o) = -5*o**3 - 44*o**2 - 4*o - 39. Give k(-9).
78
Let m(l) = -121*l + 1475. Calculate m(13).
-98
Let d(v) = 3*v**3 + 257*v**2 - 74*v + 1027. Determine d(-86).
-5
Let x(r) = -2*r - 73. Calculate x(-33).
-7
Let g(m) = -14*m**3 - 292*m**2 + 43*m - 14. Determine g(-21).
-35
Let i(r) = -3*r**2 + 138*r - 198. Give i(45).
-63
Let s(i) = i**3 + 17*i**2 + 68*i - 57. Determine s(-9).
-21
Let k(s) = -9286*s - 18581. Give k(-2).
-9
Let i(n) = 2*n**2 + 3910*n - 7831. Give i(2).
-3
Let a(k) = -4*k**2 - 30*k - 50. Give a(-8).
-66
Let x(g) = 78*g - 1053. What is x(13)?
-39
Let l(m) = 4*m**3 + 23*m**2 - 87*m - 417. Determine l(-7).
-53
Let g(k) = 2590*k + 18128. Calculate g(-7).
-2
Let o(q) = 3*q**3 - 11*q**2 - 7*q + 33. Give o(2).
-1
Let h(y) = -y**3 - 131*y**2 - 1319*y + 130. Determine h(-120).
10
Let p(z) = -2*z**3 + 2*z**2 - 16*z - 49. Calculate p(-2).
7
Let t(k) = 2*k**2 + 7*k + 13. Calculate t(-1).
8
Let i(k) = 18*k - 302. What is i(16)?
-14
Let i(h) = h**2 + 378*h - 14004. Determine i(34).
4
Let m(u) = 5*u**2 - 95*u - 211. Give m(-2).
-1
Let l(k) = 2*k + 92. Calculate l(9).
110
Let b(l) = -20*l - 90. Calculate b(-4).
-10
Let w(h) = -19*h**2 - 57*h + 554. Determine w(-7).
22
Let n(w) = w**2 + 31*w + 194. Calculate n(-10).
-16
Let z(i) = -2*i**2 + 12*i - 19. Determine z(2).
-3
Let l(w) = w**2 + 13*w - 108. What is l(6)?
6
Let p(q) = -q**2 - 746*q + 12978. What is p(17)?
7
Let k(s) = -2*s**3 + 71*s**2 - 40*s - 12. What is k(35)?
-187
Let z(l) = 2*l**3 - 77*l**2 - 40*l + 39. Determine z(39).
0
Let s(o) = -o**2 - 224*o - 337. Give s(0).
-337
Let i(q) = q**2 - 38*q + 327. Calculate i(17).
-30
Let p(n) = n**3 + 16*n**2 + 28*n + 15. Determine p(-11).
312
Let n(r) = 7*r**3 + 55*r**2 + 3*r - 4. What is n(-8)?
-92
Let w(b) = b**3 - 21*b**2 + b + 58. Give w(21).
79
Let j(n) = 120*n - 10201. Give j(85).
-1
Let v(z) = 12*z**2 - 94*z + 12. Determine v(7).
-58
Let h(c) = -11*c**2 - 1084*c - 586. Give h(-98).
2
Let c(h) = -25*h + 207. What is c(22)?
-343
Let r(m) = -46*m + 1188. What is r(26)?
-8
Let k(x) = x**3 - 43*x**2 - 42*x - 101. Determine k(44).
-13
Let m(b) = -b**3 + 30*b**2 + 200*b - 3316. Calculate m(33).
17
Let v(c) = 23*c**2 - 19*c - 27. Give v(4).
265
Let t(a) = 10*a**2 + 93*a + 95. Give t(-1).
12
Let u(x) = -x**3 + 15*x**2 + 60*x - 111. Give u(18).
-3
Let s(u) = 40*u**2 - 15*u - 13. Calculate s(-1).
42
Let g(b) = b**3 + 55*b**2 - 503*b + 31. What is g(-63)?
-32
Let a(f) = -2*f**2 - 7*f - 30. What is a(-7)?
-79
Let q(y) = -61*y - 279. What is q(-7)?
148
Let s(y) = 337*y - 965. Calculate s(3).
46
Let v(h) = 30*h**2 + 332*h - 334. Give v(1).
28
Let b(j) = -j**3 + 43*j**2 - 398*j - 9. What is b(30)?
-249
Let u(t) = -3*t**2 + 10*t + 6. Calculate u(3).
9
Let h(p) = 398*p + 19102. Determine h(-48).
-2
Let z(w) = -21*w**2 - 92*w + 43. Calculate z(-5).
-22
Let u(n) = -2136*n + 14958. Give u(7).
6
Let m(w) = 2*w**2 + 437*w + 17882. Calculate m(-164).
6
Let o(t) = -161*t - 3230. Calculate o(-20).
-10
Let q(j) = -2*j**3 - 10*j**2 + 61*j + 290. Determine q(-6).
-4
Let m(o) = 26*o - 89. What is m(7)?
93
Let p(q) = 69*q - 154. Calculate p(-2).
-292
Let v(h) = h**3 + 42*h**2 +